e?
True
Suppose -3*p - 7305 = -3*a, -3*a = 2*a + 5*p - 12175. Is a a prime number?
False
Let z(h) = h**2 + 5*h. Let u be z(-7). Suppose 0 = -u*d + 19*d - 1370. Is d a prime number?
False
Let m(l) = -7*l + 25. Let i be m(4). Is i/(1 - -2)*-2039 prime?
True
Let s(n) = -356*n. Let r be s(2). Let h = 10 - -67. Let p = h - r. Is p prime?
False
Let l(x) = 19*x**2 + 3*x. Let n be l(-1). Is (1564/n + 3/2)*4 a composite number?
False
Let d be (-2)/8 + 27/12. Let u(m) = 7*m**2 - m**d - 7 - 3*m - 4*m**2 + 2. Is u(6) prime?
False
Is (-11157)/(-9)*(6 + 1 + -4) composite?
False
Suppose -19*t = -15*t - 4448. Suppose 2*w + 840 = -114. Let d = t + w. Is d a prime number?
False
Let n(j) = 17*j**3 + 4*j**2 - 4*j + 3. Let r be n(4). Let o = -348 + r. Is o composite?
True
Let z(r) be the second derivative of -195*r**3/2 + r**2 + 16*r. Is z(-1) a prime number?
True
Suppose 2*i - 1 = 1, -6138 = 5*f + 2*i. Let t = -717 - f. Is t a prime number?
False
Let j(a) be the second derivative of 103*a**4/2 - 7*a**3/6 + a**2/2 - 3*a - 6. Is j(2) prime?
True
Let u be (4 - 1 - 1) + 171. Let a = u + 48. Is a composite?
True
Suppose -892 = -5*h + 7533. Is h prime?
False
Let q(c) = 3*c - 8. Let n be q(-8). Let k = 36 + n. Suppose v = -k*v + 530. Is v a prime number?
False
Suppose -120*o + 89596 = -94*o. Is o a prime number?
False
Suppose -y = -2144 - 6675. Is y a composite number?
False
Let p be (-2)/9 - 39556/36. Let w = p + 1544. Is w a composite number?
True
Let y(r) be the second derivative of 21*r**3/2 + 19*r**2/2 + 13*r. Is y(28) a prime number?
True
Suppose -3*d + 14250 = 3*x, 5*x + 2*d = 8*x - 14255. Is x prime?
True
Let r be (6/10 + 24/(-40))/(-2). Suppose -2*g + 0*b - b + 1166 = r, 12 = 3*b. Is g a prime number?
False
Let z(i) = 6*i**2. Let y be z(-1). Let q(l) = -5*l**2 - l + 5. Let u(d) = -6*d**2 - 2*d + 5. Let m(n) = -4*q(n) + 3*u(n). Is m(y) prime?
False
Is (-13)/4*3/(-3)*3076 a prime number?
False
Suppose 37339 = -11*a + 1070492. Is a a composite number?
False
Let n = -5 + 15. Let x(b) = 6*b - 2. Is x(n) prime?
False
Let l(v) = 11*v**3 + 2*v**2 - 3*v + 5. Is l(3) prime?
True
Is -5 + -1 + 3763 + 4 a composite number?
False
Let y(g) = -g**2 - 5*g + 38. Let v be y(-9). Suppose v*t - 395 = 107. Is t prime?
True
Let f = 612 + 1439. Is f composite?
True
Is ((-138524)/(-16))/((14/(-7))/(-8)) a composite number?
False
Let p(k) = k**3 - 21*k**2 + 9*k + 25. Let o = 94 - 72. Is p(o) a prime number?
False
Suppose -3*f + 12952 = -21845. Is f a prime number?
False
Suppose -21*u = -26*u + 10, 5642 = 2*x + 2*u. Is x composite?
False
Let w = -11 + 63. Is 755*(3 + w/(-20)) a prime number?
False
Suppose -70*p = -1580254 + 343284. Is p composite?
True
Is (-1461650)/(-25) - 12/3 a prime number?
False
Let s be -2 - (2 + 171)*-5. Let q = -454 + s. Is q a prime number?
True
Let a = -594 - -992. Let o = -778 + a. Is -1 - o/(-3 + 4) a prime number?
True
Let f(u) = 23*u**2 + 9*u + 9. Let j(x) = -51*x**2 - 19*x - 19. Let z(a) = 9*f(a) + 4*j(a). Let b(r) = -2*r**2 + 2*r. Let d be b(2). Is z(d) composite?
True
Let w(l) = -3*l + 1. Let y be w(3). Let t be (-2)/(-6) - y/3. Suppose -t*f = g - 149, -2*g - 5*f - 745 = -7*g. Is g prime?
True
Let f be (2 - 0)*2 - 0. Suppose -2*g - 5*t = -96, g + 3*t = f*g - 186. Is g composite?
True
Let a(t) be the first derivative of 8*t**2 - t - 3. Let b(w) = -2*w - 7. Let f be b(-6). Is a(f) a composite number?
False
Suppose -s - 2*c = c + 11, -5*s = c + 41. Let p = s + 10. Suppose p*w - 595 = -3*w. Is w prime?
False
Suppose 5*b + 2*n - 42 = 0, 3*b + 5*n - 12 = 17. Let v(u) = 3*u**3 + 10*u**2 - 4*u + 15. Is v(b) a prime number?
False
Let c(v) = 2*v - 24. Let l be c(13). Let s be 0/((-1)/1 + l). Let b(r) = r**2 + 2*r + 745. Is b(s) a composite number?
True
Suppose 5*k = -3*o + 1 + 1, -2*k = 10. Suppose 7715 = -o*t + 14*t. Is t a prime number?
True
Let g be 9*(-4 + (-65)/(-15)). Suppose 2*u = 3*h + 3190, g*u - 2*u - 3*h = 1601. Is u prime?
False
Suppose -552*x = -550*x - 11474. Is x prime?
True
Suppose 3*a - r + 6 = 6*a, 2*a - 2*r + 4 = 0. Suppose -i = -3*f + 3*i + a, -i = -4*f + 10. Is 123*(1 - (-8)/f) prime?
False
Let w(g) be the second derivative of -g**6/360 - g**5/120 + 331*g**4/24 - g**3/3 + 7*g. Let r(q) be the second derivative of w(q). Is r(0) a prime number?
True
Let l(z) = z**2 + 2*z + 8. Let r be l(-8). Suppose k = 4*p + 132, -2*k + 310 = 2*p + r. Suppose 10 = -i - 4*i, -5*i = -2*w + k. Is w prime?
True
Let i be ((-10)/(-4))/((-7)/756). Let s be (-5)/((-100)/(-8))*i. Let g = s - 19. Is g composite?
False
Suppose 4*p - 8 = -2*z - 28, -5*p + 2*z - 34 = 0. Is 3/3*39/p*-694 composite?
True
Suppose 7*d - 134588 = 101249. Is d a prime number?
False
Let d(q) = -12*q - 6 + q**3 + 11 - 4 - q**2. Is d(6) a prime number?
True
Let b = 14 + -8. Let q = b - 2. Suppose s = q*g - 93, -s = 5*g + 2*s - 95. Is g a composite number?
True
Let l = 28 - 25. Let i be (0/(-2 + 0))/l. Suppose 5*k - 2*k - 174 = i. Is k a prime number?
False
Let d = 10 - 7. Let b = d - 0. Suppose 0 = -3*a - a - 2*j + 754, b*a + 2*j - 563 = 0. Is a a prime number?
True
Let s be 1/((-2)/4) - -3. Let j be 0 + (s - 2) - -814. Suppose -j = -3*c + 4*a, -4*c - c + 4*a + 1347 = 0. Is c a prime number?
False
Let v(u) = 12*u**3 - u**2 - 2*u + 3. Let t be 10/(-15) - (-24)/9. Let a be v(t). Suppose -3*o - 2*f + 266 = -a, 0 = -3*o + 3*f + 372. Is o a prime number?
False
Suppose -14*s = -17*s + 42549. Is s prime?
False
Let p = 534 + -218. Suppose -4*h - 50 = -5*v - h, 0 = -2*v - 2*h + 4. Suppose v*a - p = 3*a. Is a a composite number?
False
Let s(i) = 11957*i**2 - 4*i - 2. Is s(-1) composite?
False
Suppose -3*z + 19235 = 2*k, 3*z - z + 48059 = 5*k. Is k a composite number?
False
Let a = 41 - 488. Suppose -4*s = 1946 + 1110. Let y = a - s. Is y prime?
True
Let o = -17961 + 42194. Is o prime?
False
Let j = 11 - -1067. Suppose -4*m + 474 = -j. Let i = -81 + m. Is i prime?
True
Let t = -680 - -1083. Is t a composite number?
True
Let t(d) = -6*d**2 + 10*d**3 + 5*d**3 + 9 + d**2 - 16*d**3 + 2*d. Let i(f) = -2*f + 6. Let x be i(6). Is t(x) composite?
True
Suppose -2*w = -4*z + 23524, 0*z = -z + 2*w + 5887. Is z composite?
False
Suppose 22*p - 21*p = 6. Is 1*(748/3 + (-2)/p) prime?
False
Suppose 12*w - 29 = 19. Suppose -w*n + 8160 = -s, 7*n - 8176 = 3*n - 3*s. Is n a composite number?
True
Let s(q) = 22*q**2 + 1. Let v be s(1). Suppose 3 = 2*j - 3*c, -4*j + 0 - 3 = 3*c. Suppose -d + 32 + v = j. Is d a composite number?
True
Suppose -2*y = -4, -4*d = -3*y - 0 + 2. Suppose d = a - 2. Suppose -a*i = 4*s - 1113, -3*s = -2*s. Is i composite?
True
Suppose -5*y + 6*y = -2*k - 2571, 2*k + 2*y = -2570. Let i = k + 2937. Is i a prime number?
False
Let d = -251862 + 360797. Is d a composite number?
True
Is ((-54888)/(-16))/(3/2) a composite number?
False
Let q(p) = p**3 + 6*p**2 - 7*p - 1. Let z(r) = r**3 - r**2 + r + 7. Let t be z(0). Is q(t) composite?
False
Let y(r) = -r**3 + 7*r**2 - 2*r - 4. Let w be y(6). Suppose 0*v + 5*v + 23 = 3*t, 0 = -4*t - 4*v + w. Suppose 2390 = t*z - 16. Is z a composite number?
False
Let s = -51 + 17. Let y = -30 - s. Suppose -z = -y*z + 741. Is z prime?
False
Let y = 42293 + -11890. Is y a composite number?
False
Suppose -4*y - 3*y + 5551 = 0. Let m = y - 90. Is m a composite number?
True
Let n(u) = u**3 - 4*u**2 - 19*u - 13. Let k(i) = -i**3 + 4*i**2 + 18*i + 12. Let v(w) = 7*k(w) + 6*n(w). Is v(-9) a prime number?
False
Suppose 0 = -7*p + 11*p - 56. Let z(c) = -14*c + 78*c**2 - 5*c + 5 + p*c. Is z(2) a prime number?
True
Is (-3)/(-27) + 2699*80/72 a composite number?
False
Suppose 0*d = 2*d - o - 4666, -3*o = -2*d + 4666. Is d composite?
False
Suppose 2*u - 1351 = -3*f, -4*f - 3*u + 1806 = 2*u. Is f composite?
False
Let z = 5971 + 382. Is z prime?
True
Let w = -16 - -19. Suppose 3*c + 3*l = 951, 0 = -w*c - l + 423 + 534. Suppose -35 + c = 3*s. Is s a prime number?
False
Let s(r) = 5*r**2 - 7*r + 15. Let p be s(11). Let h = 522 + -874. Let k = h + p. Is k prime?
True
Let x = -2 - 13. Let i be ((-696)/(-9))/((-2)/x). Suppose 27 = -b + i. Is b composite?
True
Let c(i) = 38*i**2 - i + 97. Is c(-10) a composite number?
False
Let l = 13 - 16. Let q be (-2)/l + 14/6. Suppose -q*m - 82 = -439. Is m composite?
True
Let p(u) = -4*u - 209. Let a(y) = 8*y + 418. Let k(s) = -2*a(s) - 5*p(s). Is k(0) composi